 41, 137
List the prime factors of 28510535.
5, 37, 154111
List the prime factors of 442732.
2, 151, 733
What are the prime factors of 31425?
3, 5, 419
What are the prime factors of 119095?
5, 23819
What are the prime factors of 334139?
13, 25703
List the prime factors of 749480.
2, 5, 41, 457
List the prime factors of 15890560.
2, 5, 7, 3547
What are the prime factors of 3958818?
2, 3, 71, 9293
What are the prime factors of 1989291?
3, 663097
List the prime factors of 1032426.
2, 3, 6373
List the prime factors of 5568301.
113, 49277
List the prime factors of 27177792.
2, 3, 141551
List the prime factors of 23189173.
7, 17, 194867
What are the prime factors of 135298?
2, 61, 1109
List the prime factors of 140928.
2, 3, 367
What are the prime factors of 4522968?
2, 3, 62819
What are the prime factors of 1687554?
2, 3, 11, 947
List the prime factors of 393354.
2, 3, 13, 41
What are the prime factors of 498271?
498271
What are the prime factors of 227145?
3, 5, 19, 797
List the prime factors of 7424634.
2, 3, 7, 176777
List the prime factors of 273050.
2, 5, 43, 127
What are the prime factors of 399679?
7, 57097
What are the prime factors of 10637174?
2, 5318587
List the prime factors of 181043.
197, 919
What are the prime factors of 192600?
2, 3, 5, 107
List the prime factors of 2146.
2, 29, 37
List the prime factors of 4512138.
2, 3, 752023
List the prime factors of 19228388.
2, 4807097
What are the prime factors of 1715601?
3, 571867
What are the prime factors of 254402?
2, 131, 971
List the prime factors of 236774.
2, 118387
What are the prime factors of 89084?
2, 22271
What are the prime factors of 310427?
13, 23879
List the prime factors of 28944773.
11, 13, 18401
List the prime factors of 1033446.
2, 3, 41, 4201
List the prime factors of 27567559.
27567559
What are the prime factors of 1821759?
3, 607253
What are the prime factors of 196060?
2, 5, 9803
What are the prime factors of 10956816?
2, 3, 13, 1951
What are the prime factors of 347231?
23, 31, 487
List the prime factors of 1034164.
2, 229, 1129
What are the prime factors of 787013?
73, 10781
What are the prime factors of 67985?
5, 13597
List the prime factors of 1556517.
3, 29, 17891
What are the prime factors of 234932?
2, 58733
What are the prime factors of 130213?
59, 2207
What are the prime factors of 3243694?
2, 89, 18223
List the prime factors of 2371119.
3, 239, 3307
What are the prime factors of 2928102?
2, 3, 401, 1217
What are the prime factors of 41190009?
3, 7, 103, 137, 139
What are the prime factors of 1423196?
2, 355799
What are the prime factors of 8374?
2, 53, 79
What are the prime factors of 35802723?
3, 11, 67, 16193
List the prime factors of 302434.
2, 11, 59, 233
List the prime factors of 23449819.
19, 233, 5297
List the prime factors of 3146625.
3, 5, 2797
What are the prime factors of 3237894?
2, 3, 11, 23, 79
What are the prime factors of 11478379?
11, 1043489
List the prime factors of 21633.
3, 7211
What are the prime factors of 299111?
113, 2647
What are the prime factors of 474799?
13, 36523
List the prime factors of 4152870.
2, 3, 5, 1709
What are the prime factors of 1405266?
2, 3, 234211
What are the prime factors of 382251?
3, 47, 2711
List the prime factors of 300430.
2, 5, 13, 2311
What are the prime factors of 338547?
3, 11, 10259
What are the prime factors of 7182?
2, 3, 7, 19
What are the prime factors of 384658?
2, 89, 2161
List the prime factors of 249379.
13, 19183
What are the prime factors of 379214?
2, 11, 1567
What are the prime factors of 3601281?
3, 47, 25541
What are the prime factors of 261667?
7, 29, 1289
What are the prime factors of 210974?
2, 37, 2851
What are the prime factors of 10321381?
7, 41, 35963
List the prime factors of 1532331.
3, 19, 29, 103
List the prime factors of 13751009.
53, 259453
List the prime factors of 16530788.
2, 71, 58207
List the prime factors of 606409.
601, 1009
What are the prime factors of 2291237?
13, 23, 79, 97
List the prime factors of 645114.
2, 3, 79, 1361
What are the prime factors of 27738041?
27738041
List the prime factors of 18754281.
3, 7, 13, 17, 449
List the prime factors of 1492554.
2, 3, 7, 35537
List the prime factors of 136819.
19, 379
List the prime factors of 1447213.
1447213
List the prime factors of 1172522.
2, 13, 3469
What are the prime factors of 2171085?
3, 5, 7, 23, 29, 31
What are the prime factors of 94947?
3, 31649
List the prime factors of 9867832.
2, 13, 239, 397
List the prime factors of 2237550.
2, 3, 5, 7, 2131
List the prime factors of 1771114.
2, 443, 1999
List the prime factors of 250455.
3, 5, 59, 283
What are the prime factors of 2616007?
2616007
What are the prime factors of 114410?
2, 5, 17, 673
List the prime factors of 16145364.
2, 3, 19, 3727
What are the prime factors of 199373?
199373
What are the prime factors of 7693621?
13, 107, 5531
List the prime factors of 1069309.
643, 1663
What are the prime factors of 11285529?
3, 3761843
List the prime factors of 4824.
2, 3, 67
List the prime factors of 146593.
47, 3119
What are the prime factors of 16198534?
2, 11, 89, 8273
List the prime factors of 21023289.
3, 7, 29, 37, 311
What are the prime factors of 8586153?
3, 23, 41479
What are the prime factors of 132300?
2, 3, 5, 7
List the prime factors of 280897.
280897
What are the prime factors of 2615691?
3, 13, 47, 1427
What are the prime factors of 13838159?
3109, 4451
What are the prime factors of 13525199?
13525199
List the prime factors of 2010740.
2, 5, 100537
List the prime factors of 16451820.
2, 3, 5, 7, 11, 1187
List the prime factors of 2865141.
3, 318349
List the prime factors of 21020379.
3, 67, 104579
What are the prime factors of 785480?
2, 5, 73, 269
List the prime factors of 517796.
2, 129449
What are the prime factors of 362350?
2, 5, 7247
List the prime factors of 76575.
3, 5, 1021
What are the prime factors of 10979914?
2, 11, 389, 1283
List the prime factors of 3209620.
2, 5, 160481
What are the prime factors of 3848090?
2, 5, 79, 4871
What are the prime factors of 819434?
2, 7, 11, 17, 313
What are the prime factors of 3437057?
13, 419, 631
What are the prime factors of 28695580?
2, 5, 1434779
What are the prime factors of 18968872?
2, 13, 17, 10729
List the prime factors of 693065.
5, 97, 1429
What are the prime factors of 304975?
5, 11, 1109
List the prime factors of 1092362.
2, 23, 23747
What are the prime factors of 200558?
2, 100279
What are the prime factors of 6403384?
2, 13, 23, 2677
List the prime factors of 919355.
5, 183871
What are the prime factors of 672871?
672871
What are the prime factors of 13852777?
1259, 11003
What are the prime factors of 251427?
3, 11, 19, 401
What are the prime factors of 657633?
3, 29, 7559
List the prime factors of 17744926.
2, 29, 305947
What are the prime factors of 2460218?
2, 23, 79, 677
What are the prime factors of 5553057?
3, 1851019
List the prime factors of 228220.
2, 5, 11411
What are the prime factors of 318449?
29, 79, 139
What are the prime factors of 6122083?
11, 53, 10501
List the prime factors of 175034.
2, 87517
List the prime factors of 131759.
131759
What are the prime factors of 267730?
2, 5, 41, 653
What are the prime factors of 596098?
2, 298049
List the prime factors of 279080.
2, 5, 6977
List the prime factors of 129479.
7, 53, 349
What are the prime factors of 281762?
2, 13, 10837
List the prime factors of 852651.
3, 211, 449
What are the prime factors of 15036909?
3, 5012303
List the prime factors of 346831.
346831
What are the prime factors of 10849041?
3, 7, 73, 337
What are the prime factors of 3599748?
2, 3, 33331
What are the prime factors of 89483?
43, 2081
What are the prime factors of 221076?
2, 3, 23, 89
List the prime factors of 465416.
2, 7, 8311
List the prime factors of 2840256.
2, 3, 4931
List the prime factors of 300162.
2, 3, 19, 2633
What are the prime factors of 4688483?
113, 41491
List the prime factors of 682271.
19, 149, 241
List the prime factors of 776157.
3, 293, 883
List the prime factors of 288167.
11, 17, 23, 67
List the prime factors of 644091.
3, 7, 30671
What are the prime factors of 6684965?
5, 7, 389, 491
List the prime factors of 15381319.
23, 73, 9161
What are the prime factors of 18655205?
5, 17, 41, 53, 101
List the prime factors of 14